 base 10, what is -9492 + 2?
-9490
In base 14, what is -950 + -2?
-952
In base 14, what is -c - 17419?
-17427
In base 5, what is 0 + -211223?
-211223
In base 10, what is 618306 - 5?
618301
In base 4, what is 31 + -210310302?
-210310211
In base 16, what is -93 + 2c?
-67
In base 16, what is -5 + -19f14?
-19f19
In base 3, what is 122 + 11001021?
11001220
In base 9, what is 13 - -2054?
2067
In base 10, what is 2659 - -126?
2785
In base 6, what is -2045 - -1302?
-343
In base 11, what is 1 + -688234?
-688233
In base 13, what is 83 + b49?
bcc
In base 2, what is 1111110000110 + -11101100?
1111010011010
In base 16, what is -11 - -e60?
e4f
In base 4, what is -20230032 + -10?
-20230102
In base 2, what is 0 + 11100011100100010?
11100011100100010
In base 7, what is 243514 - 66?
243415
In base 4, what is 3321222 + -1?
3321221
In base 7, what is 1444 + 22?
1466
In base 3, what is 22222210202211 - 11?
22222210202200
In base 14, what is 52774 + -3?
52771
In base 10, what is -16509 - -3?
-16506
In base 14, what is 6 + -19984?
-1997c
In base 12, what is -197770 + -8?
-197778
In base 15, what is c - 7b72?
-7b65
In base 16, what is 0 + -11d42?
-11d42
In base 7, what is 125 + 12154?
12312
In base 4, what is 1332 + -1010333?
-1003001
In base 11, what is -517 - -486?
-41
In base 10, what is -990 + 3?
-987
In base 16, what is -3 - -2246?
2243
In base 2, what is -1000 - 1000011010111111101?
-1000011011000000101
In base 8, what is 4 - 603050?
-603044
In base 2, what is 11100 + 100110011000011001?
100110011000110101
In base 5, what is 211241 + -3?
211233
In base 8, what is 460020 - -4?
460024
In base 8, what is 634 - -4740?
5574
In base 13, what is 710878 - 0?
710878
In base 4, what is 10201 - 33312?
-23111
In base 12, what is -198 + -1502?
-169a
In base 15, what is 15839 - 2?
15837
In base 10, what is 10821 - -17?
10838
In base 7, what is 6553 - 3022?
3531
In base 12, what is -2 + 450?
44a
In base 6, what is -5 + -3212222?
-3212231
In base 2, what is -1 + -101100001111001001?
-101100001111001010
In base 9, what is -184 - -161?
-23
In base 6, what is -1432412 + 13?
-1432355
In base 16, what is -12 - -51ff?
51ed
In base 14, what is 1 + -83dbd?
-83dbc
In base 11, what is a - 816aa?
-816a0
In base 11, what is -7393 - -3?
-7390
In base 15, what is -12 - -59763?
59751
In base 3, what is 21101100022 + -101?
21101022221
In base 10, what is -89188 - 2?
-89190
In base 3, what is -22 + 1021202?
1021110
In base 5, what is -3134 + -40?
-3224
In base 7, what is -603 + -4150?
-5053
In base 2, what is -10 + 1001101110110?
1001101110100
In base 15, what is -8b6b - 0?
-8b6b
In base 13, what is -5 - -7b49?
7b44
In base 14, what is -31 + aab4?
aa83
In base 8, what is -337757 - 1?
-337760
In base 14, what is -5 + 4012?
400b
In base 9, what is -5 - -54873?
54867
In base 7, what is -2602533 + -2?
-2602535
In base 2, what is -11010011101 + -110110?
-11011010011
In base 5, what is -133 + 113011?
112323
In base 12, what is 142168 - 3?
142165
In base 16, what is 364c + 9?
3655
In base 5, what is -10 + -2134134?
-2134144
In base 12, what is 39b56 - -2?
39b58
In base 7, what is -2 - 346404?
-346406
In base 10, what is -4 + 3033?
3029
In base 2, what is -10100 + -10000001001101011?
-10000001001111111
In base 4, what is -2101 + 10231?
2130
In base 14, what is 21b7 + -46?
2171
In base 15, what is -3e + -54?
-93
In base 10, what is 35852 - -8?
35860
In base 15, what is acc + -c?
ac0
In base 7, what is -50 + 220126?
220046
In base 3, what is -12101102201 + 12?
-12101102112
In base 7, what is 23 + 115652?
116005
In base 9, what is 10 + 27625?
27635
In base 6, what is 2004 - -4103?
10111
In base 9, what is -6187 - 6?
-6204
In base 16, what is -1 - -2bb?
2ba
In base 10, what is 4 + 25581?
25585
In base 14, what is -8aa9 - -2?
-8aa7
In base 4, what is 1122203310 - -2?
1122203312
In base 2, what is -100 - 11000111010111?
-11000111011011
In base 9, what is -687315 + 0?
-687315
In base 11, what is 31 - 2130?
-20aa
In base 8, what is -3 - 15623?
-15626
In base 9, what is -1 + 81304?
81303
In base 9, what is 526 + 21?
547
In base 13, what is 1 - 72183?
-72182
In base 10, what is 2041 - -767?
2808
In base 8, what is 4 + 151751?
151755
In base 7, what is -523 - -146?
-344
In base 8, what is -543 + -1530?
-2273
In base 9, what is 1381 + 34?
1425
In base 15, what is 1ca + -e?
1bb
In base 4, what is -12023 - -121?
-11302
In base 8, what is 4 - -70625?
70631
In base 2, what is -10111001101110100000 - -1?
-10111001101110011111
In base 15, what is -1079ec + 1?
-1079eb
In base 3, what is -201 - -21120212222?
21120212021
In base 14, what is 11b3 + 26?
11d9
In base 2, what is -11100 - -10111101010?
10111001110
In base 8, what is 63722 - -5?
63727
In base 2, what is -100 + -1001101011011110000?
-1001101011011110100
In base 3, what is -10210102001 + -1?
-10210102002
In base 3, what is -11012022211 - 121?
-11012100102
In base 3, what is 22202 + 221210?
1021112
In base 5, what is -4 + 211241?
211232
In base 4, what is -10 - -321332?
321322
In base 5, what is 4 - 1413022?
-1413013
In base 10, what is 5 + 135340?
135345
In base 6, what is -30013 + 25?
-25544
In base 2, what is -10001000101 + -101011000?
-10110011101
In base 7, what is 533 - 20404?
-16541
In base 3, what is 101210220 + 201212?
102112202
In base 3, what is -1100221010 + -222?
-1100222002
In base 2, what is 10101101 - -10011?
11000000
In base 9, what is 86 - 16614?
-16517
In base 13, what is -38ac - -2?
-38aa
In base 7, what is 5 + 23144?
23152
In base 14, what is -a811 + 5?
-a80a
In base 8, what is -1766 - -146?
-1620
In base 4, what is -30112021 - 10?
-30112031
In base 3, what is -1021021212 + -1012?
-1021100001
In base 14, what is 6bca + 3?
6bcd
In base 15, what is 2 + 5193e?
51941
In base 5, what is 200310 + -3?
200302
In base 15, what is 0 + -1e102?
-1e102
In base 13, what is -8aa + -a?
-8b7
In base 15, what is 21e + -4329?
-410a
In base 7, what is 36 - 66003?
-65634
In base 2, what is -101 - 111111101110010?
-111111101110111
In base 13, what is -74 + -4015?
-4089
In base 7, what is 4140 - -45?
4215
In base 11, what is 11a689 - 2?
11a687
In base 4, what is -2012 - -10?
-2002
In base 9, what is -3 + 30414?
30411
In base 3, what is -22012111 - -1012?
-22011022
In base 5, what is 44 + 33242?
33341
In base 5, what is 43341123 - -3?
43341131
In base 8, what is -26 + 13315?
13267
In base 2, what is -101 + -101010000111?
-101010001100
In base 9, what is -12425 + -4?
-12430
In base 4, what is -1020 - -1011111?
1010031
In base 5, what is 21 - 12310?
-12234
In base 12, what is 0 + 39442?
39442
In base 15, what is -12 + 279?
267
In base 3, what is 2120 + -2011200?
-2002010
In base 12, what is -1a - -418?
3ba
In base 3, what is -11 - 100000112?
-100000200
In base 3, what is -2 + -2022202121?
-2022202200
In base 11, what is -6 - -95367?
95361
In base 11, what is 2 + 103602?
103604
In base 16, what is 5 - 1cc?
-1c7
In base 7, what is 21116 + -2?
21114
In base 12, what is -b4b + 1?
-b4a
In base 13, what is 1 + 129872?
129873
In base 12, what is -7 - -6920?
6915
In base 6, what is 3045 - 1414?
1231
In base 12, what is 4 + -561740?
-561738
In base 8, what is 4 - 53747?
-53743
In base 3, what is -210100200010 + 2?
-210100200001
In base 14, what is -112012 + -2?
-112014
In base 14, what is 15ca1 - 1a?
15c85
In base 12, what is -12a7 - -29?
-127a
In base 10, what is -8 + -157119?
-157127
In base 12, what is -a + 22531?
22523
In base 7, what is 115022203 - 2?
115022201
In base 12, what is 14940 - 2?
1493a
In base 3, what is 11 + 11110020?
11110101
In base 3, what is 2021001101 + 10?
2021001111
In base 10, what is -36450 + -1?
-36451
In base 14, what is 5 + -2473?
-246c
In base 14, what is -12 + d400?
d3cc
In base 2, what is 11001111011 - 11001?
11001100010
In base 16, what is a94f8 + -5?
a94f3
In base 2, what is -11100110001010 - -1111?
-11100101111011
In base 16, what is -34e - 3c?
-38a
In base 2, what is -110011 - -110000010001100?
110000001011001
In base 4, what is -33210 - 20010?
-113220
In base 11, what is 3732 + 52a?
4161
In base 6, what is 241 - 351?
-110
In base 3, what is -12020100 + 210212?
-11102111
In base 8, what is 320233 - 4?
320227
In base 16, what is 7 - -22d0?
22d7
In base 3, what is 0 - 2210000222?
-2210000222
In base 11, what is 65445 - 1?
65444
In base 15